 factors of r?
2, 5
Suppose 3*r - 14 - 13 = 0. Suppose 0*p + 4*p = -8. Let g = p + r. What are the prime factors of g?
7
Let u = -3 - -6. Suppose n + 3*v = -2, -3*n - 17 + 59 = -u*v. Let d = n - 6. What are the prime factors of d?
2
Let z(j) = j**3 - 11*j**2 - 10*j + 21. List the prime factors of z(12).
3, 5
Let r be 28/6 - (-1)/3. Suppose 0 = 3*g - r*x - 91, 3*x = 3*g - 110 + 29. List the prime factors of g.
2, 11
Suppose -3*z - t + 18 - 2 = 0, 4*z = -t + 21. Suppose -z*k + 189 + 51 = 0. List the prime factors of k.
2, 3
Suppose -b = -6*b + 3*q - 23, -2*q - 43 = 5*b. Let s = 5 - -10. Let h = s + b. List the prime factors of h.
2
Let y(o) = -o**3 + 9*o**2 - 10*o + 11. What are the prime factors of y(6)?
59
Suppose 3*c + 65 = 2*n, -4*n + 103 = 4*c - 17. What are the prime factors of n?
31
Suppose 3*n + 17 = -7. Let k be (2 - (-2 + -13)) + 1. Let c = k + n. What are the prime factors of c?
2, 5
Suppose 0 = -2*m + 4*n + 32, 2*n = 4*n + 10. Suppose -m*o + o = -30. Suppose -s = -0 - o. List the prime factors of s.
2, 3
Suppose 4*k - 5 = 7. Suppose -3*r - 5*b = -5*r - 7, -k*b = -9. Suppose 2*x + 24 = r*x. What are the prime factors of x?
2, 3
Let g = 2 - 2. List the prime factors of 2 + g/(2 - 1).
2
Suppose -3*d = -n - 248, -4*d - 3*n + 457 - 122 = 0. What are the prime factors of d?
83
Suppose -2*l = -4*h - 36, -4*h + 45 = 5*l + h. Let p = l - 3. List the prime factors of p.
3
Let s(n) = n. Let o be s(4). Suppose 31 = o*f + 11. Suppose -f*y + r = 5*r - 46, -y + 13 = -3*r. What are the prime factors of y?
2, 5
Let l = -35 + 71. Suppose -2*p - l = 2*p. What are the prime factors of (2/3)/((-3)/p)?
2
Suppose 10 = -5*f - 30. Let v = 22 + f. Suppose o - 5 = v. What are the prime factors of o?
19
Suppose -76 = -8*n + 44. What are the prime factors of n?
3, 5
Let z = -6 + 6. List the prime factors of (-1 - z)*(-7 + 2).
5
Suppose 3*u = -0*u + 48. What are the prime factors of u?
2
Let n(h) = -2*h**2 + 2*h + 1. Let t(p) = -p**3 + 3*p**2 - 4*p - 2. Let f(c) = 5*n(c) + 3*t(c). Let y be f(-1). What are the prime factors of 8/(-12) + 8/y?
2
Suppose -2*l + 4*l = -3*v + 22, -4*l = 3*v - 32. Suppose -2*x = -v*x + 8. Suppose -4 = -q - 5*s, -4*q + 12 = -q + x*s. What are the prime factors of q?
2
List the prime factors of 19 + (-1 - -3) + (-40)/10.
17
Suppose -30 = -5*x + 5*a, -4*x + 8*x + 4*a = 24. What are the prime factors of x?
2, 3
Let i = -8 + 14. Let l be (0 + i)*(-4)/(-12). Suppose -l*a - 20 = -4*a. List the prime factors of a.
2, 5
Let k(j) = -2*j**3 - 5*j**2 + 11*j + 6. List the prime factors of k(-5).
2, 19
Suppose -2*z + 194 = w - 44, 2*z - 238 = 5*w. Suppose 20 = 5*p, -3*o - 3*p + z = -43. Suppose 5*t = o + 10. What are the prime factors of t?
2, 3
Let u(v) = -4*v - 1. Let b be u(-1). Suppose -s + b*s = 18. Suppose -3*l + s = -2*l. List the prime factors of l.
3
Let r = 34 + 53. What are the prime factors of r?
3, 29
Let h be -8 + (-2 - (-1 - 2)). Let u(z) = z**2 + 9*z - 4. Let g be u(h). List the prime factors of 4/6 + (-276)/g.
2
Let g = -2 - -8. Let r be (-81)/g*(-20)/6. Suppose 3*h - t - 20 = 7, 0 = -3*h - 5*t + r. What are the prime factors of h?
2, 5
List the prime factors of 1 - -1 - 781/(-11).
73
Let b(h) = 30*h - 9. List the prime factors of b(4).
3, 37
List the prime factors of -2 + 71 - 0/3.
3, 23
Let r(j) = 3*j + 6. Let i(x) = -x - 1. Let n(v) = 4*i(v) + r(v). Suppose -2*k = 8 + 4. List the prime factors of n(k).
2
Suppose 2*x - 7*x + 15 = d, -9 = -5*d - 3*x. Suppose 0 = 3*f - 5*v - 64, 5*f - f - v - 74 = d. What are the prime factors of f?
2, 3
Suppose b + 2*b - 93 = 0. List the prime factors of b.
31
Suppose 2*i - 2 = -2*a + a, -a + 2 = 5*i. Suppose -2*g = 4*o - 25 - 3, -a*o + 44 = 4*g. List the prime factors of g.
2, 5
Let q be (1/2)/(1/30). Let v be (2 - 2) + 2/2 + 1. Suppose -q - 3 = -v*k. What are the prime factors of k?
3
Let p be (2/3)/((-8)/48). What are the prime factors of p/2 - (6 - 34)?
2, 13
Let r = -24 + 49. List the prime factors of r.
5
Let h(u) = -u**3 - 6*u**2 - 4*u - 3. Let o be h(-5). Let a = o + 14. List the prime factors of a.
2, 3
Suppose -t = 3*t + 24. List the prime factors of t*((-2)/(-4) + -3).
3, 5
Let n(q) = q**2 - 3*q - 4. Let r be n(3). What are the prime factors of ((-81)/6)/(3/r)?
2, 3
Let z be (-8)/(-12)*3/1. Let t = 72 - 49. Suppose -m + 4*a = -t, -33 = -z*m + 4*a + 1. List the prime factors of m.
11
Suppose -5*a + 1168 = -o, -4*o + 1176 + 2 = 5*a. List the prime factors of a.
2, 3, 13
Let f(i) = i. Let b be f(3). Suppose 2*m + 46 = 3*q, -b*m = 5*q - 34 - 49. What are the prime factors of q?
2
Let g = 95 - 79. What are the prime factors of g?
2
Suppose 2*a - 28 = x + 4*x, -a - x = 0. Suppose -2*k = -0*k - a*i, 4*k - 13 = -5*i. Suppose -w + k*n = -8, 3*n = -2*w + 6 + 3. What are the prime factors of w?
2, 3
What are the prime factors of (1 + 0 - 3) + 27?
5
Let u(v) = 279*v**3 + v**2 + 4*v - 5. What are the prime factors of u(1)?
3, 31
Let k(i) = -25*i + 2. List the prime factors of k(-1).
3
Let k(r) = 2*r**2 + 4*r + 4. Let b be k(-3). Suppose 4*y = 3*y + 2, -5*y + b = 3*l. Suppose -2*x + 4 = -p, l = 3*x - p - p - 4. What are the prime factors of x?
2
Let x be (-12 + (-6)/3)/1. Let o = 16 + x. List the prime factors of o.
2
Let m = 40 - 76. List the prime factors of (-12)/m - (-128)/3.
43
Suppose 0 = 2*m + 10, 2*s + 2*s = -4*m + 84. What are the prime factors of s?
2, 13
Suppose 0 = 3*y - 2*y - 9. Let c(r) = -r**3 + 10*r**2 - 6*r + 7. What are the prime factors of c(y)?
2, 17
Suppose 3*k = t + 21, 4*t - 7 = k - 3. Let p = -4 + 25. Let w = p - k. List the prime factors of w.
13
Let l(b) = b**2 - 10*b + 13. List the prime factors of l(12).
37
Let l be 18 - (12/(-3) + 2). Suppose 5*x = 55 - l. What are the prime factors of (x - (3 - 2)) + -2?
2
Let p be -1 - -3 - -106 - 3. Suppose -5*t + p = -0*t. What are the prime factors of t?
3, 7
Let i(a) = a**3 - 19*a**2 - 19*a + 34. What are the prime factors of i(20)?
2, 3
Let b be 3 + (0 - 1) + 2. Let j be -1*1 + 0 + -1. List the prime factors of b + 0 + j + 2.
2
Let l(b) = -1 - 40*b**3 - 3*b + 5*b + 38*b**3 + b**2. What are the prime factors of l(-2)?
3, 5
Suppose -5*q = -243 - 102. What are the prime factors of q?
3, 23
Let o(j) = 2*j**2 - j. Let t be o(-1). Suppose 7 = v + 2. Suppose -12 = -v*m + t*m. List the prime factors of m.
2, 3
Let b(s) = s**2. Let d be b(2). Suppose i = -2 + d. Suppose -2 = -n - 3*p - 4, 3*n - i*p = 16. List the prime factors of n.
2
Let b be ((-1)/(-2))/((-3)/(-54)). Let c be 6/b*(-9)/(-6). List the prime factors of (3 - c)*39/6.
13
Suppose -3*n + 10*n = 1106. List the prime factors of n.
2, 79
Suppose -2*t = j, 0 = 4*j - 9*j + 4*t. Let s = 2 + j. Let c(i) = i**2 + i + 2. What are the prime factors of c(s)?
2
List the prime factors of (-934)/(-14) + -1*4/(-14).
67
Let l(o) = -o**3 + 7*o**2 - o - 1. List the prime factors of l(6).
29
Let z be (2 - 2)/(-2 + 5). Suppose 16 = 4*l - z. Suppose k = -0*k + l. List the prime factors of k.
2
Suppose 5 + 20 = 5*o. Suppose z - 18 = -3*t, o*z = 9 + 6. List the prime factors of t.
5
Let k(v) = -5*v + v - v - 3*v - 6. What are the prime factors of k(-5)?
2, 17
Let d(y) = -15*y - 1. Let p be d(-3). Suppose a - 3*g - 2 = 4, -p = -4*a + 2*g. Let o = -6 + a. List the prime factors of o.
2, 3
Let w = -5 + 6. Let u(l) = 3*l. Let p be u(w). Suppose -5*f = 5*n - 35, -4 + 5 = -f - p*n. List the prime factors of f.
11
Let j(g) be the first derivative of -7*g**2/2 + 3*g + 2. Let n be j(-6). List the prime factors of ((-6)/5)/((-6)/n).
3
Let r be 4/(-10) + 3/(-5). List the prime factors of -2 - (-1 - 10 - r).
2
Let z(x) be the second derivative of -x**5/10 - x**4/6 - x**3/2 - 3*x**2/2 + x. What are the prime factors of z(-2)?
11
Suppose 4*i = 4*q + 612, q + 608 = 4*i - 2*q. What are the prime factors of i?
149
Let j = -54 + 94. Suppose 2*a = -a + 6. Suppose -a*d + 68 = 5*g, 0 = -5*g + g + 2*d + j. List the prime factors of g.
2, 3
Suppose -3*s + 59 = -55. What are the prime factors of s?
2, 19
Let u be 6/12 - (-110)/4. Let v(t) = -t**2 + 2*t + 8. Let k be v(6). Let d = u + k. List the prime factors of d.
2, 3
What are the prime factors of (-3146)/(-12) + 4/(-24)?
2, 131
Let o(g) = 3*g**3 - 12*g**2 + 7*g - 1. What are the prime factors of o(5)?
109
Suppose 3*t + 2*t = -3*n - 15, n - t - 3 = 0. Let g(s) = s**3 + 